the prime factors of b(i).
29
Let v = 34 + 285. Let l = v + -198. What are the prime factors of l?
11
What are the prime factors of ((-68)/(-10))/((-28)/(-70))?
17
Let p(g) = 5*g + 35 - 38 + g - 3*g. Let o be 14/(-3)*(-9)/6. What are the prime factors of p(o)?
2, 3
Suppose q - u = 0, -3 = -4*q + u + 3. Let r(g) = 4*g + 0 - 1 - 2 + 5*g**2. What are the prime factors of r(q)?
5
Let w be ((-4)/12)/((-1)/(-9)). List the prime factors of (w - 4/(-12))*-33.
2, 11
Let x = -2194 + 4175. What are the prime factors of x?
7, 283
Let q be 345/7 - (92/28 + -3). Suppose 4*h + q - 481 = 0. List the prime factors of h.
2, 3
Let v(y) = -y**3 + 9*y**2 + y - 7. Let l be v(9). Let t = l - 0. Suppose 5*q - 72 = t*q. List the prime factors of q.
2, 3
Let x(l) = -69*l + 95. What are the prime factors of x(-8)?
647
Let z(i) = -32*i - 114. What are the prime factors of z(-9)?
2, 3, 29
Suppose -3549 + 618 = -3*o. List the prime factors of o.
977
Let i(c) = 18*c**2 + c. Let d = 1 + -3. Let t be i(d). Suppose -7*z + t = -2*z. List the prime factors of z.
2, 7
Suppose -5*w = 25, 2*c + 3*w + 0 + 5 = 0. Suppose -3*v + 100 = 5*p - 220, -v + 310 = c*p. List the prime factors of p.
61
Suppose 14*n - 13*n - 16169 = -4*d, 10 = 2*n. What are the prime factors of d?
3, 449
Let i(g) = -2*g**3 + 2*g**2 - g + 2. Let r be i(2). Let d(n) = -3*n - 10. Let v be d(r). List the prime factors of 18/42 + 134/v.
2, 5
Let k(f) = f**2 - 5*f + 6. Let c be k(4). Let n(b) = 7*b + 1. Let z(x) = 5*x + 1. Let a(r) = -n(r) + 3*z(r). List the prime factors of a(c).
2, 3
Suppose 6*y = -h + 3*y + 415, 2*h - 831 = -5*y. List the prime factors of h.
2, 11, 19
Suppose -784 + 22520 = 38*u. List the prime factors of u.
2, 11, 13
Suppose 3*j + s - 240 = 0, j - 71 - 2 = 2*s. List the prime factors of j.
79
Let v = -96 - -100. Suppose 33 = 3*f + 4*w - 136, 0 = -4*f - v*w + 224. List the prime factors of f.
5, 11
Suppose 100 = -a + 3*a. Suppose q = n + 6*q - a, 2*q = 3*n - 235. List the prime factors of n.
3, 5
Let k(j) = j**2 - j + 1. What are the prime factors of k(-31)?
3, 331
Let p(j) = -j**2 + 7*j - 2. Let c be p(6). Suppose 0 = 154*u - 152*u - 4. Suppose -14 - u = -c*b. List the prime factors of b.
2
Let q(c) = 29*c**3 + 3*c**2 - 2*c + 1. Let j be q(3). Suppose 4*p = 3*w + j, 7*p - 2*p = 3*w + 1007. List the prime factors of p.
2, 101
List the prime factors of 8/(160/1908) - (-4)/(-10).
5, 19
Let a = -1917 - -2910. List the prime factors of a.
3, 331
Let c = -13 + 13. Suppose -2*k + 88 + 36 = c. List the prime factors of k.
2, 31
Let o be 1 + 1 + (1 - 0). Let d(t) = 4*t**3 - 5*t + 12*t**o + 14*t**3 + 4*t. What are the prime factors of d(1)?
29
Let h = -588 - -1276. List the prime factors of h.
2, 43
Let n(h) = 2*h - 10. Let v be n(7). Suppose -v*i = 78 - 442. What are the prime factors of i?
7, 13
Let p(h) = -3*h**3 - 9*h**2 - 3*h + 35. List the prime factors of p(-6).
13, 29
Let o = -1006 - -1601. Suppose 6*d = 11*d - o. What are the prime factors of d?
7, 17
Suppose 0 = -4*t - 37 - 43. List the prime factors of (-1424)/(-20) + 4/t.
71
Suppose -106 = 2*s + y, y = -6*s + 2*s - 210. Let n = 107 + s. List the prime factors of n.
5, 11
Let z(a) = -a**3 - 8*a**2 + 4*a - 28. List the prime factors of z(-14).
2, 3, 7, 13
What are the prime factors of 7/(-28) - (-2820)/16?
2, 11
Let g(a) = a**3 + 7*a**2 + 3. Let h be g(-6). Suppose -173 = -5*n + w, -n + 3*w = 5*w - h. List the prime factors of (-100)/n*(-14)/4.
2, 5
Let b(d) = -1. Let f(h) = h**2 - 8*h - 9. Let x(a) = -3*b(a) + f(a). Let g be x(-5). Suppose -5*u + 4*u = -g. List the prime factors of u.
59
Suppose -1856 = -8*d + 80. List the prime factors of d.
2, 11
Let q = 99 + 643. What are the prime factors of q?
2, 7, 53
Let g = -26 + 31. Let w(c) = c**3 - 4*c**2 - c + 2. List the prime factors of w(g).
2, 11
Suppose -r + 35 = 4*k + 2, 4*k - 35 = -3*r. Suppose p - 2*c - 2 = -0, c - k = -p. Suppose -p*v - 4*z = -v - 21, -4*v - 2*z = -18. List the prime factors of v.
5
Let w = 5200 + -3229. What are the prime factors of w?
3, 73
Let f(n) = 6*n**2 + 6*n + 11. Let i(o) = 5*o**2 - 20*o - 3. Let g be i(4). What are the prime factors of f(g)?
47
Let s = -6364 - -11337. List the prime factors of s.
4973
Suppose -3*m + 4*d - 19910 = 0, m - 3*d - d + 6650 = 0. What are the prime factors of m/(-50) + (-4)/(-10)?
7, 19
Suppose -4*h - o + 1139 = 0, -4*h - 7*o + 1130 = -9*o. Suppose 289*w - 1155 = h*w. What are the prime factors of w?
3, 7, 11
Let h(p) = p**2 + 10*p + 1. Let z be h(-9). Let q = z + -24. What are the prime factors of (39/2)/((-24)/q)?
2, 13
Suppose -4*t + 8*t - 12 = 0. Let c(v) = 8*v + 3. Let l be c(t). Suppose 0*h = 3*h - l. What are the prime factors of h?
3
Let m = 788 + 181. What are the prime factors of m?
3, 17, 19
Suppose 4 - 1 = -3*z, -z = -p + 5. Suppose -3*g - p*g + 910 = 0. List the prime factors of g.
2, 5, 13
Suppose 3*v - 1677 = -2*m, 0 = -m + 4*m. List the prime factors of v.
13, 43
Let n(x) = 2 - 5 + x**2 + x - 2*x + 0. Let j be n(3). Suppose -j*y + 6*y - 60 = 0. List the prime factors of y.
2, 5
Suppose q + 144 = -2*c + 1356, -5*c = -3*q - 3019. Suppose -g + 6*g = c. Suppose -g = -4*l - 17. List the prime factors of l.
2, 13
What are the prime factors of (38/(-10))/((-70)/13650)?
3, 13, 19
Suppose 2*z + 4 = 4*f, -4*f = -2*z - f - 2. Suppose 0 = z*p + 2*r + 6, -p - 2 = -5*p + 3*r. Let j = 28 + p. What are the prime factors of j?
3
List the prime factors of 17*(163 + 110/(-11)).
3, 17
Suppose -3*w + 2*r = -487, 18*w + 2*r - 467 = 15*w. List the prime factors of w.
3, 53
Let q(o) = -4*o**2 + 4*o + 7. Let n(b) = 11*b**2 - 13*b - 21. Let j = -20 + 12. Let l(g) = j*q(g) - 3*n(g). What are the prime factors of l(4)?
19
Suppose 12*w - 1269 = 9*w. What are the prime factors of w?
3, 47
Let y = 29 - 29. Suppose y*d + 3*p - 62 = -2*d, d - p - 36 = 0. List the prime factors of d.
2, 17
Let x = -842 + 1516. List the prime factors of x.
2, 337
Let d = 70 + -67. Suppose 3*i - 4*f - 53 = 0, 4*i = d*i + f + 18. List the prime factors of i.
19
Let h(l) = -l**2 + 4*l + 1. Let y be h(3). Let q be 0*y/24*3. Suppose -i + q*p - 3*p = -12, -2*i + 24 = -3*p. List the prime factors of i.
2, 3
Suppose -5*z - 41 = -3*k, -k + 5*z + 8 + 19 = 0. Suppose k*x - 241 = -3*j + 2*x, -5*x - 144 = -2*j. What are the prime factors of j?
7, 11
Suppose 103 + 117 = -10*m. What are the prime factors of (-9 - 0/2)*(m + 10)?
2, 3
Let k be 6/(-18) + (-15)/9. Let n(d) = d**3 + 2*d**2 - d + 1. What are the prime factors of n(k)?
3
Let j(y) = -y**3 - 19*y**2 + 21*y + 18. Let x be j(-20). Let s = x - -82. What are the prime factors of s?
2, 5
Let g(f) = -f - 1. Let d(x) = 6*x**2 - 10*x + 1. Let l(i) = d(i) - 3*g(i). What are the prime factors of l(4)?
2, 3
List the prime factors of (-34016)/(-40)*(-50)/(-20).
2, 1063
Let b be ((-16)/(-12))/(4/(-42)). Let t be -1 + -1 + (-10 - b). Suppose t*h + 130 = 5*d, 3*d - 3*h - 69 = -0*h. List the prime factors of d.
2, 7
Suppose 3*h = -0*h + 108. Let p be (-1 + -4)*h/15. Let c(a) = a**3 + 11*a**2 - 15*a - 16. List the prime factors of c(p).
2, 5
Let h = -1440 + 1714. What are the prime factors of h?
2, 137
Suppose -3*v + 2034 + 3256 = 2*g, 0 = -v + 2*g + 1750. What are the prime factors of v?
2, 5, 11
Let q = 2465 - 1081. What are the prime factors of q?
2, 173
Let j = 319 + -178. What are the prime factors of j?
3, 47
Suppose 0 = 2*o + o. Suppose -r - 3*r + 4*l + 560 = o, 5*r - 692 = l. What are the prime factors of r?
2, 3, 23
Let s = 479 - -26. What are the prime factors of s?
5, 101
Let t(m) = -m**2 + 25*m + 25. List the prime factors of t(15).
5, 7
Suppose 147*m = 141*m + 2274. What are the prime factors of m?
379
Let f be -3 - (4/(-2) + 3). Let h(a) = -2*a - 8. Let q be h(f). List the prime factors of q - -7 - -1*3.
2, 5
Suppose -26*j - 131712 = -138*j. What are the prime factors of j?
2, 3, 7
What are the prime factors of (-2)/(-13) - 257792/(-494)?
2, 3, 29
Suppose 3*b = -13 + 1. Let q(u) = u + 6. Let v be q(b). Suppose -v*n = -5*n + 90. List the prime factors of n.
2, 3, 5
Suppose 206*v = 213*v - 5971. List the prime factors of v.
853
Suppose -180*i + 28760 = -172*i. What are the prime factors of i?
5, 719
Suppose 2*a - t = 0, 2*a = 6*a - 4*t + 8. List the prime factors of 12 - ((a - 3) + 3).
2, 5
Let o(k) = -k**2 - 10*k + 24. Let z be o(